 Suppose -u*i + 5*a = -155, 4*i - 2*i - 4*a = 64. What is the remainder when i is divided by 16?
14
Suppose 2*o + 5*p - 90 = -o, -4*o + 5*p + 85 = 0. What is the remainder when 74 is divided by o?
24
Let u = -41 - -64. Let n(v) = -12*v**2 - 130*v - 39. What is the remainder when n(-10) is divided by u?
15
Let w = -7 + 34. Suppose 2*f = f + w. Calculate the remainder when f is divided by 7.
6
Suppose -2*f + 53 = -3*x, -f - 46 + 13 = 2*x. Let h = x - -11. Calculate the remainder when (9/(-6))/(h/68) is divided by 10.
7
Suppose -v + 160 = 3*x, -22*v = -3*x - 21*v + 152. Calculate the remainder when 467 is divided by x.
51
What is the remainder when 75 is divided by -3*(-2)/(-14) + (-756)/(-49)?
0
Suppose 68*f + 1113 = 7777. What is the remainder when f is divided by 45?
8
Suppose 0 = -4*i - 7*k + 9*k + 550, 4*i - k = 553. What is the remainder when i is divided by 14?
13
Let u be (27/4)/((-2)/(-8)). Let g = 11 + u. Calculate the remainder when g is divided by 5/20 + 7/((-56)/(-102)).
12
Suppose 24*h = 367 + 1169. What is the remainder when h is divided by 18?
10
Suppose 0 = 5*k - 250 + 30. Suppose a = 2*w - 6*w + k, 5*w = 5. Let c = a - 21. Calculate the remainder when 56 is divided by c.
18
Let d(u) = 7*u**2 + u + 1. Let y = 16844 + -16816. Calculate the remainder when d(-4) is divided by y.
25
Let v = -19 - -30. Let s(f) = -f**3 + 5*f**2 + 5. Let t be s(5). What is the remainder when v is divided by 42/(-35)*(0 - t)?
5
Suppose 4*s - 9 - 3 = 0. Suppose -220 = s*o - 7*o. Calculate the remainder when o is divided by 19.
17
Suppose -13*k + 168 = -7*k. What is the remainder when 223 is divided by k?
27
What is the remainder when ((-33)/(-9) - 3)/((-24)/(-2268)) is divided by 52?
11
Calculate the remainder when 164 is divided by (2/(-4))/((-19)/1634).
35
Suppose -3*m = -2*q + 39, m - 11 = -q + 6. Let g(z) = 2*z**2 - 5*z + 9 - 2*z**2 + 12*z - 2*z**2. Calculate the remainder when q is divided by g(4).
3
Let j(u) be the first derivative of u**3/3 - 5*u**2/2 + 9*u - 11. Calculate the remainder when 13 is divided by j(4).
3
Suppose 5*h - 236 - 614 = 0. Suppose 5*a - 10*a = -h. Calculate the remainder when a is divided by 18.
16
Let n be (8 - 5) + 4 + -1. Calculate the remainder when 59 is divided by 9/2*n + -5.
15
Suppose 5*o = 4*i - 10, -4*i + 14 = 3*o - 12. Suppose s = a + 2 + 6, -o*s - 4*a = -34. Calculate the remainder when 56/(-6)*(15 - 345/20) is divided by s.
10
Let y(q) = -q**3 + 14*q**2 - q + 69. Calculate the remainder when 72 is divided by y(14).
17
Let j(g) = 2*g**2 - 16*g - 7. Calculate the remainder when j(-5) is divided by 31.
30
Let i = 98 - 87. Calculate the remainder when 9*6/(-27)*-21 is divided by i.
9
Suppose 286 = 8*a + 14. Calculate the remainder when a is divided by 6.
4
Let q(w) = -w**2 - 40*w + 181. What is the remainder when q(-26) is divided by 25?
20
Let k = 191 + -122. Calculate the remainder when k is divided by 20.
9
Suppose m + 4*r = -10, 4*r + 8 + 4 = 0. Let q = m + 13. Let a(w) = -w**2 - 3*w + 10. What is the remainder when q is divided by a(-4)?
3
Let n = -39 - -86. Let b(k) = -k**3 - 4*k**2 - 3*k + 4. Let z be b(-3). Suppose 36 - z = 2*g. Calculate the remainder when n is divided by g.
15
Let g = -134 - -167. Let x(w) = 96*w. Suppose 3*u - 7 = -4. What is the remainder when x(u) is divided by g?
30
Let z = 146 + -123. Let r = 12 + 1. What is the remainder when z is divided by r?
10
Suppose -4*l + 1 = j - 0, 3*j = -3*l - 6. Suppose -3*m + 4 = -2*o - l, o + 3*m - 11 = 0. What is the remainder when 15 is divided by -3 + o - -4 - -6?
6
Let v = -103 + 135. What is the remainder when 64 is divided by v?
0
Suppose 8 + 97 = 3*t. What is the remainder when t/(-10)*60/(-7) is divided by 16?
14
Let d(k) = k**2 - 2*k + 5. Let y be d(0). Let h(w) = 6*w - 8. Let b(l) = l**2 + l - 4. What is the remainder when h(y) is divided by b(3)?
6
Calculate the remainder when 74 is divided by -2*3*76/(-24).
17
Suppose 0 = s + 3, 0 = v - 0*v - s - 3. Suppose -12*u + 427 - 139 = v. Let n(i) = 9*i**3 - i**2 + i. What is the remainder when u is divided by n(1)?
6
Let c(t) = -t**2 - 25*t - 54. Calculate the remainder when c(-20) is divided by 30.
16
Let x = 1061 - 1048. Let z(r) be the third derivative of r**6/120 + 7*r**5/60 - 5*r**4/12 - 11*r**3/6 - r**2. What is the remainder when x is divided by z(-8)?
3
Let m = -240 + 361. Calculate the remainder when 243 is divided by m.
1
Calculate the remainder when (-9 + 6/3 - 4)*-1 is divided by 11.
0
Suppose 0 = 10*z - 9*z - 2. Let j(d) = 3*d - 21. What is the remainder when j(9) is divided by z?
0
Suppose -2*j + 113 = -r, 3*r - 2*r = -5*j + 300. Let y = j - 45. Let s = 5 - -22. Calculate the remainder when s is divided by y.
13
Suppose 4*q + 36 = q. Calculate the remainder when (-3)/q - (-1788)/16 is divided by 38.
36
Let x = 87 - 73. Suppose -19*z + 18*z = -x. What is the remainder when 52 is divided by z?
10
Let y = -44 + 50. Let c(j) = 3*j + 14. Calculate the remainder when 126 is divided by c(y).
30
Let g = 2209 - 1912. Calculate the remainder when g is divided by 25.
22
Suppose 5*c - 40 = 6*i - 2*i, -c + 2*i + 8 = 0. Let s = 125 - 120. What is the remainder when c is divided by s?
3
Let t(j) = -3*j**3 + 62*j**2 - 38*j - 16. What is the remainder when 670 is divided by t(20)?
22
Let g = 189 + -270. Let t = -74 - g. What is the remainder when 32 is divided by t?
4
Suppose -96 = -15*i + 354. Calculate the remainder when 173 is divided by i.
23
Let d = 157 + -95. Let h(w) = 5*w**2 - 95*w - 27. Calculate the remainder when h(21) is divided by d.
59
Suppose 3*p = j + 50 - 8, -73 = 2*j + 5*p. Let k = 52 + j. What is the remainder when 46 is divided by k?
7
Calculate the remainder when 1/3 - (-2 + (-304)/24) is divided by 15.
0
Let d(a) = 2*a**2 + 5*a + 3. Calculate the remainder when ((-5)/2)/((155/(-18))/31) is divided by d(-3).
3
Suppose -145 = -t - 129. Calculate the remainder when 92 is divided by t.
12
Suppose 0*g - 9*g = -27. Suppose 2*v + 2*p = 5*v - 18, 3*v - g*p = 15. Calculate the remainder when 43 is divided by v.
3
Let j(k) = -k**3 + 7*k**2 + 14. Let n be j(7). Suppose 3*v + 2*l + 0*l = n, 3*v + 14 = 5*l. Calculate the remainder when 16 is divided by v.
0
Suppose -4*p + 5 = -7*o + 2*o, -2*p = 3*o + 3. Calculate the remainder when -1 + 1/o - -13 is divided by 42/35*(-15)/(-6).
2
Suppose -5*d = 10, 3 - 7 = -g + d. Let v(y) = 3*y + 4. Let n = 93 + -64. What is the remainder when n is divided by v(g)?
9
Suppose 118*o = 110*o + 168. What is the remainder when 335 is divided by o?
20
Let y = 49 - -17. Calculate the remainder when 382 is divided by y.
52
Suppose 4*c - 14 = 6. Suppose -5*f + 505 = c*q, -4*f - 2*q + 0*q = -396. Calculate the remainder when f is divided by 20.
17
Let s be 8/(-5)*95/(-2). Suppose 4*b = -4*o + o + s, -5*o = -2*b - 92. Calculate the remainder when (1 - 0/(-4)) + 78*1 is divided by o.
19
Suppose -2120 + 356 = -4*h. Calculate the remainder when h is divided by 26.
25
Suppose -4*p + 2 = 5*l - 24, 4*p - 2*l - 12 = 0. Let o(b) = -3*b + 10. Let g be o(p). Calculate the remainder when 26 is divided by -6*(-6)/(-8)*g.
8
Suppose 0 = 4*z - 2*l - 1056, 323 - 1367 = -4*z - 4*l. Calculate the remainder when z is divided by 81.
20
Let f be 0 - ((-6)/(-3))/2. Let z(u) = -4*u**3 + u**2 + u. Let b be z(f). Suppose -416 = -b*c - 132. Calculate the remainder when c is divided by 18.
17
Let l = -29 + 28. What is the remainder when 40 is divided by l/(-2 + (85/9)/5)?
4
Let s(v) = 2*v**2 + v + 4. Let l be (21 + -1)/(-7 - -9). Suppose u = -7 + l. Calculate the remainder when s(u) is divided by 7.
4
Let b(h) = -2*h - 3 + 4 - 38*h**2 + 20*h**2 + 20*h**2. Let t(y) = y**3 + 3*y**2 + 2*y + 3. Let x be t(-2). Calculate the remainder when 36 is divided by b(x).
10
Let w be 86/(-5) + 2/10. Let f = w - -30. What is the remainder when f is divided by 3?
1
Suppose u = 16 + 7. Suppose -22*f = -u*f + 7. What is the remainder when 13 is divided by f?
6
Let v = -9 + 6. What is the remainder when 107 is divided by 29 - (2 + 3 + v)?
26
Let k(h) = -2*h**2 + 11*h - 13. Let j(b) = -5*b**2 + 32*b - 39. Let p(g) = -3*j(g) + 8*k(g). Calculate the remainder when 38 is divided by p(-8).
12
Suppose -4*a = 4*o - 796, 5*o = 2*o - 5*a + 593. What is the remainder when o is divided by 12?
9
Let y(v) = -v + 6. Calculate t